00110011 - 110100101?
101101110001110
In base 11, what is 126337 + 123?
12645a
In base 5, what is 10323333031 + 10?
10323333041
In base 14, what is -4 - c1834?
-c1838
In base 3, what is -100012 + 111200120?
111100101
In base 14, what is 17a87 - 4?
17a83
In base 14, what is 9 + 2008b3?
2008bc
In base 3, what is -1021211220 + -20121?
-1022002111
In base 5, what is 34142101030 - -112?
34142101142
In base 4, what is -1022213332031 + 0?
-1022213332031
In base 11, what is 3 + 200a894?
200a897
In base 12, what is -5 - 48a2b39?
-48a2b42
In base 11, what is -203 - 31793?
-31996
In base 6, what is 24 - -1320425552?
1320430020
In base 8, what is 21127 - 1244?
17663
In base 14, what is 39400 - ad?
39331
In base 11, what is -964a19 - -15?
-964a04
In base 12, what is 49 - a004a?
-a0001
In base 13, what is -8b794c2 - -5?
-8b794ba
In base 7, what is -222400655 - -4?
-222400651
In base 6, what is 104102152 + 3?
104102155
In base 3, what is -1012202001 + -1000102?
-1020202110
In base 15, what is 40ada + -2c?
40aad
In base 2, what is 10111001 + -11011100000011110101?
-11011100000000111100
In base 5, what is 141131132 - 100?
141131032
In base 11, what is 52192 + 20a?
523a1
In base 8, what is 37535613 + 42?
37535655
In base 15, what is 38238d1a + 5?
38238d20
In base 4, what is 31 + -21222213230?
-21222213133
In base 3, what is -21100020 + 2011222111?
1220122021
In base 14, what is -4d7bb - -188?
-4d633
In base 5, what is -1 - 112002341?
-112002342
In base 10, what is -3353092 + -4?
-3353096
In base 6, what is -12300 + -1303542?
-1320242
In base 3, what is 0 + -12102001210122?
-12102001210122
In base 2, what is 10000100101110110000 - 110110?
10000100101101111010
In base 11, what is 12 - 338a9694?
-338a9682
In base 3, what is -210111 - -22211020?
22000202
In base 3, what is 2022111012 + -2010021?
2020100221
In base 16, what is 54aab0 - 2?
54aaae
In base 12, what is -117 - -6384?
6269
In base 16, what is -2ac2c2f - 1?
-2ac2c30
In base 5, what is -3 + -30342201133?
-30342201141
In base 5, what is -10 + -22040422331?
-22040422341
In base 12, what is 17 - 5bb38?
-5bb21
In base 10, what is 7 - 11570620?
-11570613
In base 10, what is -14 - 407870?
-407884
In base 3, what is -110211212011 + -21?
-110211212102
In base 16, what is -6 - -72e172?
72e16c
In base 12, what is 19 + -1174933?
-1174916
In base 16, what is -29e - d99e?
-dc3c
In base 13, what is -2 + 10b8c854?
10b8c852
In base 2, what is -10111010101111011011 + 101111?
-10111010101110101100
In base 5, what is -434033103 - 20?
-434033123
In base 10, what is 3 - -862892?
862895
In base 2, what is 11000111010000010110 + 10111010?
11000111010011010000
In base 12, what is 7731797 + 1?
7731798
In base 4, what is -11002120013 + -112?
-11002120131
In base 5, what is -32040023 - -211?
-32034312
In base 7, what is 53653025 + -34?
53652661
In base 10, what is -58 + -1460613?
-1460671
In base 9, what is -337 - -26640?
26302
In base 7, what is 300401556 + 2?
300401561
In base 11, what is 5 - -11531427?
11531431
In base 7, what is 5 + -4144301010?
-4144301002
In base 11, what is -144 + 46472?
46329
In base 16, what is 8 - 13e1926?
-13e191e
In base 6, what is 0 - -14313502425?
14313502425
In base 4, what is 11 - -2113332021311?
2113332021322
In base 7, what is 3 + -2261213152?
-2261213146
In base 9, what is 2 + 341758437?
341758440
In base 5, what is 140434243 - -24?
140434322
In base 15, what is 15 - -36431?
36446
In base 11, what is 2974 + -692?
2292
In base 8, what is -154 - 17035?
-17211
In base 9, what is -3 - -32545?
32542
In base 15, what is 121c - 911?
80b
In base 13, what is -6 - -442bb0?
442ba7
In base 12, what is -1aba - -12321?
10423
In base 8, what is 115 + 30070042?
30070157
In base 4, what is -123200 + -220311?
-1010111
In base 4, what is -131133032 - -30?
-131133002
In base 5, what is 232210131 + -13?
232210113
In base 16, what is 2b - -63ad1?
63afc
In base 6, what is 3242 + -32212?
-24530
In base 3, what is 110 - 12112112111?
-12112112001
In base 3, what is 2100102001200 + 20?
2100102001220
In base 3, what is 11120102002 - -1020?
11120110022
In base 16, what is -3 - -fa4de19?
fa4de16
In base 5, what is -42122 - -133332?
41210
In base 3, what is -12 + -10021220012001?
-10021220012020
In base 5, what is -21133212 + -10221?
-21143433
In base 16, what is -20 + -1034e?
-1036e
In base 14, what is 20bd - -24a6?
4585
In base 7, what is 15240 + 305?
15545
In base 13, what is -3bb0 + -16cc?
-55ac
In base 10, what is -506 + -12960?
-13466
In base 7, what is 52 + 111130130?
111130212
In base 3, what is -21212122012222 + -222?
-21212122020221
In base 16, what is -38ba - -435?
-3485
In base 9, what is -4444 - 3838?
-8383
In base 3, what is -20201100020 - 1111?
-20201101201
In base 14, what is -16d63c7 - 6b?
-16d6454
In base 9, what is 106 + -1237646?
-1237540
In base 13, what is -9a3a + 6bc?
-934b
In base 6, what is 10 - -310512104?
310512114
In base 10, what is 65470415 + 5?
65470420
In base 3, what is 22011200 - -10212021222?
11011110122
In base 13, what is -620 + 57496?
56b76
In base 12, what is -3066b87 - -12?
-3066b75
In base 14, what is -5 - -5d14d4d?
5d14d48
In base 8, what is 6 - 52101?
-52073
In base 9, what is 48701 + 6847?
56648
In base 14, what is 464d - 4353?
2da
In base 13, what is 4749 + 225a?
69a6
In base 7, what is 21335154 - 504?
21334350
In base 11, what is -5 - 189284a2?
-189284a7
In base 7, what is -560 + -2415011?
-2415601
In base 6, what is 5 - 32254422?
-32254413
In base 3, what is 11 - -101121102000210022?
101121102000210110
In base 7, what is 204156 - -16215?
223404
In base 11, what is 21963880a + 5?
219638814
In base 8, what is -162715 - 14264?
-177201
In base 11, what is 9467805 - 5?
9467800
In base 5, what is 1020422 + 121?
1021043
In base 9, what is 14 + 2482112?
2482126
In base 5, what is -1 + -23223111?
-23223112
In base 2, what is 100110010 - -1000001000100110111100?
1000001000101011101110
In base 15, what is 345 - -eb24?
ee69
In base 7, what is -153614020 - 2?
-153614022
In base 13, what is 4647 + -321?
4326
In base 14, what is 5743a + b42?
5817c
In base 8, what is 0 - 215627541?
-215627541
In base 13, what is 216 + -28588?
-28372
In base 6, what is -5 - 53222551?
-53223000
In base 16, what is 27994464 + 5?
27994469
In base 15, what is -a07a1 - 1?
-a07a2
In base 4, what is -1023021 - 10023?
-1033110
In base 4, what is -1312201333020 - 3?
-1312201333023
In base 10, what is -25 - -227832?
227807
In base 3, what is -11 + -110010002212?
-110010010000
In base 15, what is -107211 + -5d?
-10726e
In base 9, what is -61 - -2588?
2527
In base 8, what is 3465 + -12344?
-6657
In base 4, what is 20000 - -13320021?
20000021
In base 8, what is 15 + 15653526?
15653543
In base 11, what is -21161 + -2467?
-23618
In base 4, what is -20032 + 302033102?
302013010
In base 5, what is 423112 + 2000333?
2424000
In base 10, what is 44724 - 4587?
40137
In base 14, what is -209830a - 38?
-2098344
In base 6, what is -21204 + -154?
-21402
In base 10, what is 2311 + 48485?
50796
In base 9, what is -164 + 65462?
65287
In base 7, what is 1266253 + 320?
1266603
In base 12, what is -45433 + -110?
-45543
In base 8, what is -4675150201 - 4?
-4675150205
In base 7, what is 3 - -621504132?
621504135
In base 15, what is -37e4e + e?
-37e40
In base 8, what is 47434420 - 2?
47434416
In base 2, what is 100101010110000 + 101110001000?
101011000111000
In base 6, what is -1311 - -1015542?
1014231
In base 2, what is 11001011101011011 - 100?
11001011101010111
In base 10, what is -2 + 641137?
641135
In base 11, what is 537 - -9450?
9987
In base 14, what is -3222 + -36a?
-358c
In base 7, what is 4134 - 30363?
-23226
In base 2, what is 1101011111001111011 - 1111011?
1101011111000000000
In base 16, what is 1f4b + bc7?
2b12
In base 11, what is -16539 + 4092?
-12457
In base 11, what is 68517 + -1066?
67461
In base 10, what is -2 - 8190274?
-8190276
In base 6, what is -452544 + -143114?
-1040102
In base 3, what is -21200210121222 + -1200?
-21200210200122
In base 13, what is -7953b3 - -1?
-7953b2
In base 14, what is -8 + 67365?
6735b
In base 5, what is -213134 + 11434?
-201200
In base 9, what is -5 + -51811034?
-51811040
In base 12, what is -167b1136a + -1?
-167b1136b
In base 6, what is -121442200 + 10?
-121442150
In base 15, what is 5d3a17 - 1b?
5